{"id":335,"date":"2012-09-11T06:56:00","date_gmt":"2012-09-11T06:56:00","guid":{"rendered":"http:\/\/www.casariche.es\/?page_id=335"},"modified":"2012-09-11T08:05:18","modified_gmt":"2012-09-11T08:05:18","slug":"restos-arqueologicos","status":"publish","type":"page","link":"https:\/\/www.casariche.es\/?page_id=335","title":{"rendered":"Restos arqueol\u00f3gicos"},"content":{"rendered":"<p>El sufijo \u00abippo\u00bb\u00a0 de su nombre indica un origen tartesio, y posterior turdetano, de hecho las ciudades con este topon\u00edmico est\u00e1n todas en zona turdetana cl\u00e1sica. El sufijo arcaico es -ippo y luego deriv\u00f3 en -ipo ya en la \u00e9poca final turdetana y principio de la dominaci\u00f3n romana (S.M.O.).<\/p>\n<p>\u00c9ste dato unido a lo relatado por Plinio el Viejo (Conventus Astigitanus), nos hace pensar que su ubicaci\u00f3n ha de encontrarse en el interior del tri\u00e1ngulo invertido que forman el R\u00edo Genil, el Guadalquivir y la costa.<\/p>\n<p>A lo largo de los siglos, se ha pretendido identificar\u00a0 los restos arqueol\u00f3gicos hallados en diferentes pueblos andaluces con la desaparecida Ventippo.<\/p>\n<p>El autor alem\u00e1n Adolf Shulten incluso plante\u00f3 la posibilidad de la existencia de dos ciudades hom\u00f3nimas, para poder cuadrar algunos emplazamientos a su propia interpretaci\u00f3n del itinerario descrito por los ej\u00e9rcitos en el Bellum Hispaniense.<\/p>\n<p>Pont\u00f3n de Don Gonzalo y Castillo Anzur (Puente Genil), y Santaella, en la provincia de C\u00f3rdoba, junto a\u00a0 La Roda de Andaluc\u00eda, Lora de Estepa, Gilena y Casariche, en la provincia de Sevilla, han sido algunas de las candidatas a tener en sus terrenos los restos de la buscada ciudad de Ventippo, tal como recogen autores como, por ejemplo, Rodrigo Caro, Padre Ruano, Padre Enrique Fl\u00f3rez, L\u00f3pez de C\u00e1rdenas, Cean Berm\u00fadez, Aguilar y Cano, Domingo Caballero, Recio Veganzones, L\u00f3pez Palomo y Manuel Camacho Moreno.<\/p>\n<p style=\"text-align: center;\"><a href=\"http:\/\/www.casariche.es\/wp-content\/uploads\/2012\/09\/ventippo_portada_.jpg\"><img loading=\"lazy\" decoding=\"async\" class=\"aligncenter size-full wp-image-350\" title=\"ventippo_portada_\" src=\"http:\/\/www.casariche.es\/wp-content\/uploads\/2012\/09\/ventippo_portada_.jpg\" alt=\"\" width=\"480\" height=\"168\" srcset=\"https:\/\/www.casariche.es\/wp-content\/uploads\/2012\/09\/ventippo_portada_.jpg 480w, https:\/\/www.casariche.es\/wp-content\/uploads\/2012\/09\/ventippo_portada_-300x105.jpg 300w\" sizes=\"auto, (max-width: 480px) 100vw, 480px\" \/><\/a><\/p>\n<p>Monedas de Ventipo han sido localizadas, por ejemplo, en Osuna (Sevilla), Zambra (C\u00f3rdoba), Cerro del Tozaires en el Valle de Abdalajis (M\u00e1laga), o en puntos m\u00e1s alejados como Lora del R\u00edo (M. Camacho Moreno, F. J. Garc\u00eda Fern\u00e1ndez y R. Pliego V\u00e1zquez), y, por supuesto, Santaella (C\u00f3rdoba).<\/p>\n<p>A d\u00eda de hoy, sin la certeza absoluta de tal afirmaci\u00f3n, los indicios apuntan a Casariche como acogedora de sus restos, y m\u00e1s en concreto, al Cerro de la Atalaya, al norte de la actual poblaci\u00f3n.<\/p>\n<p>Todo ello justifica y hace necesario los estudios arqueol\u00f3gicos en el citado emplazamiento y sus alrededores, como los realizados hace una d\u00e9cada y en el presente verano de 2012.<\/p>\n","protected":false},"excerpt":{"rendered":"<p>El sufijo \u00abippo\u00bb\u00a0 de su nombre indica un origen tartesio, y posterior turdetano, de hecho las ciudades con este topon\u00edmico est\u00e1n todas en zona turdetana<\/p>\n","protected":false},"author":1,"featured_media":0,"parent":103,"menu_order":0,"comment_status":"closed","ping_status":"open","template":"","meta":{"footnotes":""},"class_list":["post-335","page","type-page","status-publish","hentry"],"_links":{"self":[{"href":"https:\/\/www.casariche.es\/index.php?rest_route=\/wp\/v2\/pages\/335","targetHints":{"allow":["GET"]}}],"collection":[{"href":"https:\/\/www.casariche.es\/index.php?rest_route=\/wp\/v2\/pages"}],"about":[{"href":"https:\/\/www.casariche.es\/index.php?rest_route=\/wp\/v2\/types\/page"}],"author":[{"embeddable":true,"href":"https:\/\/www.casariche.es\/index.php?rest_route=\/wp\/v2\/users\/1"}],"replies":[{"embeddable":true,"href":"https:\/\/www.casariche.es\/index.php?rest_route=%2Fwp%2Fv2%2Fcomments&post=335"}],"version-history":[{"count":4,"href":"https:\/\/www.casariche.es\/index.php?rest_route=\/wp\/v2\/pages\/335\/revisions"}],"predecessor-version":[{"id":351,"href":"https:\/\/www.casariche.es\/index.php?rest_route=\/wp\/v2\/pages\/335\/revisions\/351"}],"up":[{"embeddable":true,"href":"https:\/\/www.casariche.es\/index.php?rest_route=\/wp\/v2\/pages\/103"}],"wp:attachment":[{"href":"https:\/\/www.casariche.es\/index.php?rest_route=%2Fwp%2Fv2%2Fmedia&parent=335"}],"curies":[{"name":"wp","href":"https:\/\/api.w.org\/{rel}","templated":true}]}}