{"id":550,"date":"2012-09-20T12:12:10","date_gmt":"2012-09-20T12:12:10","guid":{"rendered":"http:\/\/www.casariche.es\/?page_id=550"},"modified":"2012-09-20T12:32:53","modified_gmt":"2012-09-20T12:32:53","slug":"solicitudes-licencia-apertura","status":"publish","type":"page","link":"http:\/\/www.casariche.es\/?page_id=550","title":{"rendered":"Solicitudes Licencia Apertura"},"content":{"rendered":"<h4>ORDENANZA MUNICIPAL REGULADORA DEL PROCEDIMIENTO PARA LA INSTALACI\u00d3N EN EL MUNICIPIO DE CASARICHE DE ESTABLECIMIENTOS DESTINADOS A ACTIVIDADES DE SERVICIOS INCLUIDAS EN EL \u00c1MBITO DE APLICACI\u00d3N DE LA LEY 17\/2009, DE 23 DE NOVIEMBRE.<\/h4>\n<p>&nbsp;<\/p>\n<ul>\n<li>DECLARACI\u00d3N RESPONSABLE Y COMUNICACI\u00d3N PREVIA PARA EL EJERCICIO DE <strong>ACTIVIDADES DE SERVICIOS NO CALIFICADAS \u00a0por la LEY 7\/2007, de Gesti\u00f3n Integral de la Calidad Ambiental<\/strong>;<\/li>\n<\/ul>\n<p style=\"padding-left: 30px;\"><a href=\"http:\/\/www.casariche.es\/wp-content\/uploads\/2012\/09\/Anexo_14.pdf\">Acceso al modelo &gt;&gt;<\/a><\/p>\n<ul>\n<li>Declaraci\u00f3n responsable y comunicaci\u00f3n previa para establecimientos destinados a <strong>actividades no sometidas a tr\u00e1mite de prevenci\u00f3n ambiental (Ley 7\/2007, de Gesti\u00f3n Integral de la Calidad Ambiental) y afectos a espect\u00e1culos p\u00fablicos y actividades recreativas (Ley 13\/1995, de 15 de diciembre, y el Decreto 78\/2002, de 26 de febrero)<\/strong>.<\/li>\n<\/ul>\n<p style=\"padding-left: 30px;\">\u00a0<a href=\"http:\/\/www.casariche.es\/wp-content\/uploads\/2012\/09\/Anexo_2.pdf\">Acceso al modelo &gt;&gt;<\/a><\/p>\n<ul>\n<li>Declaraci\u00f3n responsable y comunicaci\u00f3n previa para <strong>establecimientos destinados a actividades sometidas a tr\u00e1mite de CALIFICACI\u00d3N AMBIENTAL (Ley 7\/2007, GICA)<\/strong><\/li>\n<\/ul>\n<p style=\"padding-left: 30px;\"><a href=\"http:\/\/www.casariche.es\/wp-content\/uploads\/2012\/09\/Anexo_3.pdf\">Acceso al modelo &gt;&gt;<\/a><\/p>\n<ul>\n<li>Declaraci\u00f3n responsable y comunicaci\u00f3n previa para establecimientos destinados a <strong>actividades sometidas a tr\u00e1mite de CALIFICACI\u00d3N AMBIENTAL (Ley 7\/2007, GICA) y afectos a espect\u00e1culos p\u00fablicos y actividades recreativas (Ley 13\/1995, de 15 de diciembre, y el Decreto 78\/2002, de 26 de febrero).<\/strong><\/li>\n<\/ul>\n<p style=\"padding-left: 30px;\"><a href=\"http:\/\/www.casariche.es\/wp-content\/uploads\/2012\/09\/Anexo_4.pdf\">Acceso al modelo &gt;&gt;<\/a><\/p>\n<ul>\n<li>Declaraci\u00f3n responsable y comunicaci\u00f3n previa para <strong>establecimientos destinados a actividades sometidas a tr\u00e1mite de AUTORIZACI\u00d3N AMBIENTAL INTEGRADA (Ley 7\/2007, GICA)<\/strong>.<\/li>\n<\/ul>\n<p style=\"padding-left: 30px;\"><a href=\"http:\/\/www.casariche.es\/wp-content\/uploads\/2012\/09\/Anexo_52.pdf\">Acceso al modelo &gt;&gt;<\/a><\/p>\n<ul>\n<li>Declaraci\u00f3n responsable y comunicaci\u00f3n previa para<strong> establecimientos destinados a actividades sometidas a tr\u00e1mite de AUTORIZACI\u00d3N AMBIENTAL UNIFICADA (Ley 7\/2007, GICA)<\/strong>.<\/li>\n<\/ul>\n<p style=\"padding-left: 30px;\"><a href=\"http:\/\/www.casariche.es\/wp-content\/uploads\/2012\/09\/Anexo_6.pdf\">Acceso al Modelo &gt;&gt;<\/a><\/p>\n","protected":false},"excerpt":{"rendered":"<p>ORDENANZA MUNICIPAL REGULADORA DEL PROCEDIMIENTO PARA LA INSTALACI\u00d3N EN EL MUNICIPIO DE CASARICHE DE ESTABLECIMIENTOS DESTINADOS A ACTIVIDADES DE SERVICIOS INCLUIDAS EN EL \u00c1MBITO DE<\/p>\n","protected":false},"author":1,"featured_media":0,"parent":5,"menu_order":0,"comment_status":"closed","ping_status":"open","template":"","meta":{"footnotes":""},"class_list":["post-550","page","type-page","status-publish","hentry"],"_links":{"self":[{"href":"http:\/\/www.casariche.es\/index.php?rest_route=\/wp\/v2\/pages\/550","targetHints":{"allow":["GET"]}}],"collection":[{"href":"http:\/\/www.casariche.es\/index.php?rest_route=\/wp\/v2\/pages"}],"about":[{"href":"http:\/\/www.casariche.es\/index.php?rest_route=\/wp\/v2\/types\/page"}],"author":[{"embeddable":true,"href":"http:\/\/www.casariche.es\/index.php?rest_route=\/wp\/v2\/users\/1"}],"replies":[{"embeddable":true,"href":"http:\/\/www.casariche.es\/index.php?rest_route=%2Fwp%2Fv2%2Fcomments&post=550"}],"version-history":[{"count":12,"href":"http:\/\/www.casariche.es\/index.php?rest_route=\/wp\/v2\/pages\/550\/revisions"}],"predecessor-version":[{"id":583,"href":"http:\/\/www.casariche.es\/index.php?rest_route=\/wp\/v2\/pages\/550\/revisions\/583"}],"up":[{"embeddable":true,"href":"http:\/\/www.casariche.es\/index.php?rest_route=\/wp\/v2\/pages\/5"}],"wp:attachment":[{"href":"http:\/\/www.casariche.es\/index.php?rest_route=%2Fwp%2Fv2%2Fmedia&parent=550"}],"curies":[{"name":"wp","href":"https:\/\/api.w.org\/{rel}","templated":true}]}}